
183
Calculate the greatest common divisor of 1105256 and 24.
8
What is the highest common divisor of 297 and 23826?
33
Calculate the greatest common divisor of 112632 and 195.
39
Calculate the highest common divisor of 710 and 320.
10
What is the greatest common divisor of 58266 and 130?
26
What is the highest common divisor of 34696 and 1672?
8
What is the highest common factor of 14700 and 19992?
588
Calculate the greatest common factor of 95551 and 321.
107
Calculate the highest common factor of 3965715 and 9.
9
What is the greatest common factor of 116 and 200042?
58
Calculate the greatest common factor of 127171 and 55.
11
Calculate the highest common factor of 927 and 153.
9
What is the greatest common factor of 5427 and 2?
1
What is the greatest common divisor of 187 and 164781?
17
What is the greatest common divisor of 11035 and 15?
5
Calculate the greatest common divisor of 595987 and 49.
49
Calculate the highest common factor of 228 and 145065.
57
What is the highest common divisor of 18 and 85770?
18
What is the greatest common divisor of 891688 and 56?
56
Calculate the highest common divisor of 1216 and 5263.
19
What is the highest common divisor of 99848 and 476?
28
Calculate the greatest common factor of 182225 and 20291.
197
What is the highest common factor of 26254 and 8?
2
What is the highest common divisor of 33118 and 58?
58
Calculate the highest common factor of 10120 and 1281445.
1265
What is the greatest common factor of 39 and 20505?
3
What is the highest common divisor of 6126 and 198?
6
What is the highest common divisor of 4845 and 10545?
285
Calculate the highest common divisor of 123876 and 37.
37
What is the highest common factor of 2336 and 4170928?
1168
Calculate the greatest common factor of 15800 and 80.
40
Calculate the highest common factor of 1219 and 529.
23
Calculate the highest common divisor of 18304 and 98098.
286
What is the greatest common divisor of 6713 and 1781?
137
What is the highest common factor of 267 and 27679?
89
Calculate the greatest common divisor of 97206 and 697.
17
What is the highest common factor of 12302071 and 62?
31
Calculate the greatest common divisor of 346879 and 13.
13
Calculate the greatest common divisor of 3168 and 37176.
24
What is the greatest common divisor of 273 and 252441?
21
Calculate the greatest common factor of 676 and 4836.
52
Calculate the highest common divisor of 26 and 301730.
26
What is the greatest common divisor of 14112 and 20286?
882
What is the greatest common divisor of 1078 and 2118809?
539
What is the greatest common divisor of 29124 and 1440?
36
Calculate the highest common divisor of 39 and 56641.
13
Calculate the highest common factor of 99 and 4609.
11
What is the highest common factor of 1375 and 190300?
275
What is the greatest common divisor of 319 and 6358?
11
What is the highest common divisor of 346 and 180266?
346
Calculate the greatest common factor of 417 and 39.
3
What is the highest common divisor of 70850 and 2925?
325
Calculate the highest common divisor of 9198 and 882.
126
Calculate the highest common factor of 41440 and 1554.
518
Calculate the greatest common factor of 41984 and 1148.
164
Calculate the highest common divisor of 20048 and 3248.
112
What is the greatest common divisor of 4 and 17852?
4
Calculate the highest common factor of 1120 and 121920.
160
Calculate the greatest common factor of 60597 and 45.
9
Calculate the greatest common divisor of 464 and 1334.
58
What is the greatest common factor of 181633 and 111?
37
Calculate the greatest common factor of 10517 and 2717.
13
What is the highest common factor of 26 and 83746?
26
Calculate the highest common factor of 1817 and 782.
23
What is the greatest common divisor of 4620 and 42?
42
What is the highest common factor of 2079 and 1323?
189
Calculate the highest common divisor of 6607588 and 124.
124
Calculate the greatest common factor of 20845 and 26675.
55
Calculate the highest common divisor of 176 and 12518.
22
What is the greatest common divisor of 1100 and 131186?
22
Calculate the highest common factor of 2401 and 485149.
49
Calculate the highest common divisor of 88239 and 1407.
201
Calculate the highest common divisor of 2512443 and 6.
3
Calculate the highest common divisor of 2441169 and 9.
9
What is the highest common factor of 7553 and 6557?
83
What is the greatest common divisor of 57872 and 16?
16
Calculate the highest common factor of 490 and 2397815.
245
What is the greatest common divisor of 70 and 128240?
70
Calculate the greatest common divisor of 982483 and 8897.
1271
Calculate the greatest common divisor of 467478 and 270.
54
Calculate the greatest common divisor of 10240 and 2880.
320
Calculate the highest common factor of 266325 and 7035.
1005
What is the greatest common factor of 34 and 3435853?
17
What is the greatest common factor of 3196 and 173148?
188
Calculate the highest common factor of 35139 and 80886.
663
Calculate the greatest common divisor of 20050 and 270.
10
What is the greatest common factor of 12805 and 2015?
65
What is the highest common divisor of 297240 and 960?
120
Calculate the highest common factor of 41616 and 61268.
1156
Calculate the greatest common divisor of 173 and 10808002.
173
What is the greatest common divisor of 621 and 267996?
69
What is the highest common factor of 152 and 9956?
76
What is the highest common factor of 179775 and 11750?
1175
Calculate the highest common divisor of 10138 and 104668.
274
What is the highest common factor of 231750 and 630?
90
Calculate the greatest common divisor of 110095 and 1455.
485
What is the greatest common divisor of 20 and 241460?
20
What is the highest common factor of 1335 and 805?
5
What is the highest common factor of 14 and 17545906?
14
What is the highest common divisor of 82912 and 8?
8
Calculate the highest common factor of 228 and 71022.
114
Calculate the greatest common divisor of 212 and 55703.
53
What is the highest common divisor of 50704 and 32?
16
Calculate the greatest common divisor of 720 and 204192.
144
Calculate the highest common divisor of 64 and 9824.
32
Calculate the highest common divisor of 2205 and 41715.
45
Calculate the greatest common divisor of 800538 and 69.
69
Calculate the highest common divisor of 100812 and 24.
12
Calculate the highest common divisor of 27348 and 258.
258
Calculate the greatest common factor of 42994 and 830.
166
Calculate the highest common factor of 142150 and 30.
10
Calculate the highest common divisor of 728 and 428.
4
Calculate the highest common factor of 450 and 103325.
25
What is the greatest common divisor of 686819 and 413?
413
Calculate the highest common divisor of 948341 and 642.
107
Calculate the highest common factor of 3946 and 2.
2
What is the greatest common divisor of 96409 and 14735?
421
Calculate the greatest common divisor of 108 and 90945.
9
Calculate the highest common divisor of 20329 and 87.
29
Calculate the greatest common divisor of 263 and 1737641.
263
Calculate the highest common divisor of 161425 and 275.
275
What is the highest common factor of 774 and 918?
18
What is the greatest common divisor of 225608 and 8?
8
What is the highest common factor of 1158 and 1800?
6
What is the highest common divisor of 380 and 12787?
19
What is the highest common divisor of 1086 and 11622?
6
Calculate the highest common factor of 117 and 118053.
117
Calculate the highest common factor of 269840 and 920.
40
Calculate the highest common divisor of 2281479 and 981.
327
What is the greatest common factor of 112 and 34916?
28
What is the greatest common divisor of 6 and 507198?
6
Calculate the highest common divisor of 510 and 343410.
30
What is the highest common factor of 1255 and 490?
5
Calculate the highest common divisor of 22 and 2440196.
22
Calculate the greatest common divisor of 1237736 and 952.
136
Calculate the highest common divisor of 376 and 30384.
8
Calculate the greatest common factor of 2343 and 734921.
781
Calculate the highest common divisor of 1325246 and 26.
26
What is the highest common factor of 8 and 9814?
2
What is the highest common factor of 43713 and 8095?
1619
What is the highest common divisor of 6186 and 138?
6
Calculate the greatest common divisor of 3096 and 92493.
38